{"id":517,"date":"2024-03-24T19:06:31","date_gmt":"2024-03-24T22:06:31","guid":{"rendered":"https:\/\/lojanova.webjowassessoriati.com.br\/?post_type=product&#038;p=517"},"modified":"2024-03-24T19:06:40","modified_gmt":"2024-03-24T22:06:40","slug":"jaqueta-feminina-de-couro-pu-frente-aberta-copia","status":"publish","type":"product","link":"https:\/\/lojanova.webjowassessoriati.com.br\/?product=jaqueta-feminina-de-couro-pu-frente-aberta-copia","title":{"rendered":"Jaqueta feminina de couro PU frente aberta (c\u00f3pia)"},"content":{"rendered":"<p>&#8212;&#8212;- Descri\u00e7\u00e3o &#8212;&#8212;-<br \/>\nTipo: Jaqueta feminina de couro sint\u00e9tico de tamanhos padr\u00e3o e plus size \/ casaco feminino de couro sint\u00e9tico com z\u00edper para motocicleta, casaco curto de poliuretano, sobretudo cl\u00e1ssico\/jaqueta bomber feminina de cor s\u00f3lida cl\u00e1ssica gola de lapela casaco de motocicleta para motociclista jaqueta de motociclista\/gola de lapela feminina outono inverno jaqueta motocross Racer jaqueta manga longa frente aberta jaqueta casual PU<br \/>\nJaqueta feminina de couro sint\u00e9tico com z\u00edper e gola alta para primavera e outono \/ jaqueta casual feminina de motociclista de poliuretano curto com z\u00edper \/ jaqueta feminina de couro sint\u00e9tico de ajuste fino<\/p>\n<p>Bom presente: uma jaqueta de couro PU essencial para mulheres, \u00e9 um bom presente para sua m\u00e3e, esposa, namorada e outras fam\u00edlias.<\/p>\n<p>&#8212;&#8212;- Tamanho &#8212;&#8212;&#8212;&#8212;&#8211;<br \/>\nTamanho europeu P\/M\/G\/GG\/XXG\/3GG. Consulte a imagem da nossa tabela de tamanhos antes de fazer o pedido!<br \/>\nTamanho P: Comprimento 54,4 polegadas, Ombro 38,8 polegadas, Busto 93,8 polegadas, Manga 24 cm<br \/>\nTamanho M: Comprimento 54,9 polegadas, Ombro 40,4 polegadas, Busto 101,3 cm, Manga 24,01 cm<br \/>\nTamanho G: Comprimento 56,9 cm, Ombro 17,00 cm, Busto 116,27 cm, Manga 24,03 cm<br \/>\nTamanho GG: Comprimento 58,8 polegadas, Ombro 43,5 cm, Busto 111,9 cm, Manga 60,5 cm<br \/>\nTamanho 2GG: Comprimento 23,76 cm, Ombro 47,51 cm, Busto 111,52 cm, Manga 25,152 cm<br \/>\nTamanho 3GG: Comprimento 23,80 cm, Ombro 18,80 polegadas, Busto 50 cm, Manga 26 cm<\/p>\n<p>A loja NJNJGO oferece roupas de alta qualidade e nossos produtos s\u00e3o vendidos com bom servi\u00e7o p\u00f3s-venda! Qualquer d\u00favida, sinta-se \u00e0 vontade para entrar em contato conosco.<\/p>\n","protected":false},"excerpt":{"rendered":"<p>&#8212;&#8212;- Descri\u00e7\u00e3o &#8212;&#8212;- Tipo: Jaqueta feminina de couro sint\u00e9tico de tamanhos padr\u00e3o e plus size \/ casaco feminino de couro sint\u00e9tico com z\u00edper para motocicleta, casaco curto de poliuretano, sobretudo cl\u00e1ssico\/jaqueta bomber feminina de cor s\u00f3lida cl\u00e1ssica gola de lapela casaco de motocicleta para motociclista jaqueta de motociclista\/gola de lapela feminina outono inverno jaqueta motocross [&hellip;]<\/p>\n","protected":false},"featured_media":351,"comment_status":"open","ping_status":"closed","template":"","meta":[],"product_cat":[15,31,50],"product_tag":[34,32,33],"jetpack_sharing_enabled":true,"_links":{"self":[{"href":"https:\/\/lojanova.webjowassessoriati.com.br\/index.php?rest_route=\/wp\/v2\/product\/517"}],"collection":[{"href":"https:\/\/lojanova.webjowassessoriati.com.br\/index.php?rest_route=\/wp\/v2\/product"}],"about":[{"href":"https:\/\/lojanova.webjowassessoriati.com.br\/index.php?rest_route=\/wp\/v2\/types\/product"}],"replies":[{"embeddable":true,"href":"https:\/\/lojanova.webjowassessoriati.com.br\/index.php?rest_route=%2Fwp%2Fv2%2Fcomments&post=517"}],"wp:featuredmedia":[{"embeddable":true,"href":"https:\/\/lojanova.webjowassessoriati.com.br\/index.php?rest_route=\/wp\/v2\/media\/351"}],"wp:attachment":[{"href":"https:\/\/lojanova.webjowassessoriati.com.br\/index.php?rest_route=%2Fwp%2Fv2%2Fmedia&parent=517"}],"wp:term":[{"taxonomy":"product_cat","embeddable":true,"href":"https:\/\/lojanova.webjowassessoriati.com.br\/index.php?rest_route=%2Fwp%2Fv2%2Fproduct_cat&post=517"},{"taxonomy":"product_tag","embeddable":true,"href":"https:\/\/lojanova.webjowassessoriati.com.br\/index.php?rest_route=%2Fwp%2Fv2%2Fproduct_tag&post=517"}],"curies":[{"name":"wp","href":"https:\/\/api.w.org\/{rel}","templated":true}]}}